What are the prime factors of f?
3, 17
List the prime factors of (-4)/22 - (1411256/(-121))/7.
2, 7, 17
Let d(g) = g**3 - 5*g**2 - 1. Let r be d(5). Suppose -80 = -2*l - 94. Let x = r - l. List the prime factors of x.
2, 3
Let d(f) = f**2 + 12*f - 18. Let k be d(-13). Let c(q) = -q**3 - 2*q**2 - 2*q + 8. What are the prime factors of c(k)?
3, 31
Let m be 8/(0 - -4) + 2. Let n be m/1 + 112 - -1. Suppose 0 = -4*k + 83 + n. List the prime factors of k.
2, 5
Let a(s) = 27*s**2 + 7*s - 59. What are the prime factors of a(-9)?
5, 7, 59
Let g be (-6372)/(-90) + (-4)/5. Suppose 3*s - 2*s = -2*i + g, -4*s = 2*i - 274. List the prime factors of s.
2, 17
Let t(u) = -u**2 + 2. Let o be t(2). What are the prime factors of (o/(-4))/(9/306)?
17
Suppose -h - 1 = -6. Suppose 3*u = h*g - 597, 2*u = -g + 3*u + 119. List the prime factors of g.
2, 3, 5
List the prime factors of (248/8 + 3)/((-4)/(-42)).
3, 7, 17
What are the prime factors of (8708/84)/((-3)/(-63))?
7, 311
Suppose -64*v - 138424 = -90*v. What are the prime factors of v?
2, 11
Suppose 14 = 4*q - 34. Let o = q + -14. Let h = o - -12. List the prime factors of h.
2, 5
Let i(c) = -3*c**2 + 46*c + 8. What are the prime factors of i(11)?
151
Suppose 6*a = 5*a - 2. List the prime factors of -2 - (-1)/(a - (-1212)/604).
149
Let n(y) = 22*y**2 + 14*y + 19. List the prime factors of n(-2).
79
Let g(t) = 126*t**2 - 68*t + 439. List the prime factors of g(7).
17, 19
Let u = -50 - -563. What are the prime factors of u?
3, 19
Let z = -4 + 8. Let c(a) = 4*a + 4. Let t(v) = -8*v - 9. Let n(x) = 13*c(x) + 6*t(x). List the prime factors of n(z).
2, 7
List the prime factors of 2/(-4) + 35598/12.
2, 1483
Suppose 2*x + 0*p = 2*p - 54, 0 = -2*x - p - 54. Let t = x - -24. List the prime factors of (200/28)/(t/(-21)).
2, 5
Let g be 4/9*18/4. Suppose -3*t + 435 = g*t. What are the prime factors of t?
3, 29
Let d be (29 - 0)*(-110)/11. Let y = -165 - d. What are the prime factors of y?
5
Let m(q) = 1. Let k(d) = 3*d - 10. Let a(t) = -k(t) + m(t). Let i be a(6). Let s(x) = -2*x + 17. List the prime factors of s(i).
31
Suppose 7 + 14 = 4*b + 3*h, 35 = 5*b + 2*h. Suppose c = -4*q - 16 - 9, 5*q = -c - 30. Let u = b + q. List the prime factors of u.
2
Suppose 0*s - 21 = -4*o + 5*s, s - 11 = -3*o. Let f(k) = o*k - 8*k - 2 + 2*k**2 + 7. What are the prime factors of f(2)?
5
Let p = -623 + 964. What are the prime factors of p?
11, 31
Let n(j) = -4*j**3 - 18*j**2 - 38*j - 22. What are the prime factors of n(-10)?
2, 1279
Suppose 2*d = -3*q + 8*q + 2, -20 = 3*d + 4*q. Let y be (-1)/(2/(-22)) + d. What are the prime factors of (4 - y - -4)*61?
61
Let m(d) = -2*d**2 - 12*d + 10. Let t be m(-6). Suppose 4*l = -t*l + 3696. List the prime factors of l.
2, 3, 11
Let r(k) = k - 7. Let q be r(5). Let c be -8 - q - -4 - -7. What are the prime factors of 4*(315/12)/c?
3, 7
Suppose -36 - 12 = -12*w. Suppose 62 + 3 = 5*n. Suppose -n = -c - 5*v, -2*v - 8 = -w*c - 0*v. List the prime factors of c.
3
Suppose -4*x - 4*h + 7347 = -16001, 4*x - 23360 = -h. Let s be x/143 - 4/(-26). Suppose -s = -p - 0. What are the prime factors of p?
41
Let t be (7 - 6)*1*-8. Let p = 44 + t. List the prime factors of p.
2, 3
Suppose -2 = -10*l + 28. Suppose 324 + 48 = l*b. List the prime factors of b.
2, 31
Let k(s) = -2*s - 9. Let h be k(-6). Let i(n) = -8*n + 6. Let p be i(h). Let y = -7 - p. List the prime factors of y.
11
Let b(f) = -f**3 + 4*f**2 - 2*f + 3. Let c be -1 + -3 + 22 + -15. Let q be b(c). List the prime factors of q/4*204/18.
17
Let p = -163 + 168. Suppose -p*s + r - 53 = -306, -3*r + 241 = 5*s. What are the prime factors of s?
2, 5
Let s(u) = 2*u - 2. Let r = 17 - 32. Let d = -8 - r. What are the prime factors of s(d)?
2, 3
Suppose 5*t = 605 - 20. What are the prime factors of t?
3, 13
Let f(r) = -2*r**3 - 2*r**2 + 3*r + 3. Let a = -37 - -25. Let i = a - -10. List the prime factors of f(i).
5
Let a(x) = -x**3 + 4*x**2 - 5. Let o be a(3). Suppose 0 = -2*z + o*k + 142, -337 = -5*z + 3*k + k. What are the prime factors of z?
5, 13
Suppose 0 = -4*h - 2*r + 8734, 0*h = 5*h - 5*r - 10910. What are the prime factors of h?
37, 59
Suppose 2*l + 0*l + h + 2 = 0, -5*h + 29 = -3*l. Suppose -3*q - 2*q = 2*f - 20, -f = 2*q - 7. List the prime factors of (q/(-4))/(l/80).
2, 5
Let j(m) = -m**3 - 21*m**2 - 25*m - 47. List the prime factors of j(-21).
2, 239
Suppose 3*b + 0*b - 5*x = 3085, 5*b - 4*x = 5120. List the prime factors of b.
2, 3, 5, 17
Let v(h) be the first derivative of h**3/3 - h**2/2 - 4*h + 11. Let o be v(3). Suppose -b + 12 = o*b. List the prime factors of b.
2
Let g = 20 + -22. Let v be (-2 + 15/6)*g. Let t(i) = 73*i**2 - 2*i - 1. What are the prime factors of t(v)?
2, 37
Let l(m) = -m**3 + 16*m**2 - 6*m - 5. Let d be l(16). List the prime factors of d/(-5) + (-11)/55.
2, 5
What are the prime factors of 4 + (1205 - -3) + -5?
17, 71
Let k = 19 - 32. Let d be -2*-1*(-30)/(-3). Let f = k + d. What are the prime factors of f?
7
Let f(v) = 4703*v**2 + v + 1. What are the prime factors of f(1)?
5, 941
Let b be (-8 + 9)/(2/(-6)). What are the prime factors of ((-36)/(-20))/(b/(-45))?
3
Suppose 4*g + 369 = 4*v - 1687, v - 4*g - 505 = 0. What are the prime factors of v?
11, 47
Let v(y) = -160*y + 513. List the prime factors of v(-22).
37, 109
Let k(y) = -y. Let j(x) = 8*x + 3. Let f(v) = -j(v) + 3*k(v). Let b be f(2). Let r = b + 42. What are the prime factors of r?
17
Suppose -5*p + 0 = -15. Suppose 0*l = p*l + 42. Let c = -6 - l. List the prime factors of c.
2
Let s(a) = 108*a**2 + 25*a + 15. List the prime factors of s(-4).
31, 53
Let f be (4 + 495/(-12))*-4. Suppose -d + 5*d = 5*h + 169, -f = -4*d + h. What are the prime factors of d?
2, 3
Let y(o) = 10*o - 25. Let c(z) = 40*z - 101. Let q(u) = -2*c(u) + 9*y(u). List the prime factors of q(13).
107
Let u = 12 - 62. Let x = u + 109. What are the prime factors of x?
59
Suppose -9 = 12*u - 15*u. Suppose -u*r - 160 = -7*r. What are the prime factors of r?
2, 5
Let r(p) be the third derivative of -p**6/10 - p**5/60 - p**4/24 + p**3/3 - 22*p**2. List the prime factors of r(-2).
2, 3
Let y(o) = 7*o + 64. Let m = -9 + 28. List the prime factors of y(m).
197
Suppose 5*j + 69 = 8*j. List the prime factors of j + 3*(-1)/3.
2, 11
Let z be 15/10*(-32)/(-6). Suppose -z*t - 81 = -9*t. What are the prime factors of t?
3
Let c(q) = -q**2 + 10*q - 4. Let u be c(9). Suppose u*j = 8*j - 12. What are the prime factors of (-6)/j*(-52)/3?
2, 13
Suppose 127*j + 480 = 131*j. Let r(a) = -a + 1. Let t be r(-3). Suppose -z - t*z = -j. What are the prime factors of z?
2, 3
Let v(f) = -61*f + 15. What are the prime factors of v(-10)?
5
Let k(b) = 2*b**2 - 4*b - 15. Let p be k(-6). Suppose -335 = -4*t + 3*i + 24, t = -i + p. List the prime factors of t.
2, 43
Let y(w) be the third derivative of w**5/60 + w**4/12 - 7*w**3/2 + 11*w**2. List the prime factors of y(-11).
2, 3, 13
Let g(y) = -13*y**3 + 3*y**2 + 2*y. Let n be g(-1). Let w(b) = b**2 - 7*b + 9. List the prime factors of w(n).
107
Let s = 791 + -365. List the prime factors of s.
2, 3, 71
Let a(x) = -2*x**2 - 18*x + 24. Let u be a(-10). Suppose -2*w - 2*g - 218 = -4*w, 0 = u*w + 5*g - 400. What are the prime factors of w?
3, 5, 7
Let o(d) = d - 163 + 149 + 2*d**2 + 2*d**2. List the prime factors of o(-5).
3
Let s = 864 + -497. List the prime factors of s.
367
Suppose -75*y - 23*y + 317912 = 0. What are the prime factors of y?
2, 811
Let t = 891 - 460. Suppose 3*n - 425 = -4*q, -2*q + 4*q + t = 3*n. What are the prime factors of n?
11, 13
Let a = -4625 + 8960. List the prime factors of a.
3, 5, 17
What are the prime factors of 27/((11/(-1265))/(30/(-25)))?
2, 3, 23
Suppose -3*k - 3317 = -2*t, -8267 = -5*t - 0*t - k. What are the prime factors of t?
2, 827
Suppose -4*t = -2*k - 434, 3*t + 2*t + 4*k = 575. Suppose 4*s - 537 - t = 2*u, -4*s + 664 = 2*u. List the prime factors of s.
2, 41
Suppose 9*q + 105 = 8*q. Let d = -65 - q. What are the prime factors of d?
2, 5
Let k = 17 - 12. Suppose -27 = -k*x + 18. Suppose 3*h + 2*g - 42 = -2*g, 3*g - x = 0. What are the prime factors of h?
2, 5
What are the prime factors of 4995/6*(-1 + 11/5)?
3, 37
Let i(o) = -o**3 - 3*o**2 + 3*o - 6. Let n be i(-7). Let j = -121 + n. List the prime factors of j.
2, 3
Suppose -2*p = d - 87, -22 - 4